{"id":569,"date":"2025-12-18T08:17:15","date_gmt":"2025-12-18T11:17:15","guid":{"rendered":"https:\/\/www.aaofm.org.ar\/Tienda26\/?post_type=product&#038;p=569"},"modified":"2026-01-03T13:01:51","modified_gmt":"2026-01-03T16:01:51","slug":"cursos-anuales-de-perfeccionamiento-2026-04","status":"publish","type":"product","link":"https:\/\/www.aaofm.org.ar\/Tienda26\/producto\/cursos-anuales-de-perfeccionamiento-2026-04\/","title":{"rendered":"Cursos Anuales de Perfeccionamiento 2026\/04"},"content":{"rendered":"<h2><strong>B.2.4 Curso anual de perfeccionamiento. Arco recto. Nuevas tecnolog\u00edas digitales &#8211; Ortodoncia invisible<\/strong><\/h2>\n<h4 class=\"\">Te\u00f3rico pr\u00e1ctico con atenci\u00f3n cl\u00ednica de pacientes.<\/h4>\n<div id=\"tabla_container\" class=\"container-body-sm\">\n<div class=\"row mb-20\">\n<div class=\"col-sm-8\">\n<div class=\"row mb-20\">\n<div class=\"col-sm-12\">\n<div class=\"PCd OFAd mw-400\"><b>Dictante:<\/b><br \/>\nDr. Roberto Hugo Ruiz <a class=\"vercv\" title=\"Dr. Roberto Hugo Ruiz\" href=\"https:\/\/www.aaofm.org.ar\/Dictantes\/?dr=Ruiz\" target=\"_blank\" rel=\"noopener\">Ver CV<\/a><br \/>\n<b>Codictantes:<\/b><br \/>\nDra. Marta Susana Rua <a class=\"vercv\" title=\"Dra. Marta Susana Rua\" href=\"https:\/\/www.aaofm.org.ar\/Dictantes\/?dr=Rua\" target=\"_blank\" rel=\"noopener\">Ver CV<\/a><br \/>\nDra. Diana Calabrese <a class=\"vercv\" title=\"Dra. Diana Calabrese\" href=\"https:\/\/www.aaofm.org.ar\/Dictantes\/?dr=Calabrese\" target=\"_blank\" rel=\"noopener\">Ver CV<\/a><\/div>\n<\/div>\n<\/div>\n<div class=\"OFAf\"><b>Cursada:<\/b> 1\u00b0 s\u00e1bados de cada mes de 9 a 13 hs.<br \/>\n<b>Inicio:<\/b> S\u00e1bado 2 de Mayo de 2026.<\/div>\n<div><img decoding=\"async\" loading=\"lazy\" class=\"alignleft size-full wp-image-776\" src=\"https:\/\/www.aaofm.org.ar\/Tienda25\/wp-content\/uploads\/2025\/12\/OFA0426B.png\" alt=\"\" width=\"800\" height=\"1132\" \/><\/div>\n<div><\/div>\n<\/div>\n<\/div>\n<\/div>\n","protected":false},"excerpt":{"rendered":"<p>Cursos Anuales de Perfeccionamiento 2026\/04<br \/>\nDr. Roberto Hugo Ruiz &#8211; Dra. Marta Susana Rua &#8211; Dra. Diana Calabrese<br \/>\n<strong>\u00a1Inscribite online y reserva tu vacante ya!<\/strong><br \/>\nEl valor publicado corresponde a la matr\u00edcula de inscripci\u00f3n<br \/>\nanual, puedes consultar por el valor total del curso a:<big><br \/>\n<b class=\"dashicons dashicons-whatsapp\" style=\"line-height: 1.6em;\"><\/b> <a href=\"https:\/\/api.whatsapp.com\/send?phone=5491136546225\">+54911 3654-6225<\/a><br \/>\n<b class=\"dashicons dashicons-email\" style=\"line-height: 1.8em;\"><\/b> <a href=\"mailto:cursos@aaofm.org.ar\">cursos@aaofm.org.ar<\/a><br \/>\n<\/big><\/p>\n","protected":false},"featured_media":570,"template":"","meta":[],"product_cat":[17],"product_tag":[24,42],"_links":{"self":[{"href":"https:\/\/www.aaofm.org.ar\/Tienda26\/wp-json\/wp\/v2\/product\/569"}],"collection":[{"href":"https:\/\/www.aaofm.org.ar\/Tienda26\/wp-json\/wp\/v2\/product"}],"about":[{"href":"https:\/\/www.aaofm.org.ar\/Tienda26\/wp-json\/wp\/v2\/types\/product"}],"wp:featuredmedia":[{"embeddable":true,"href":"https:\/\/www.aaofm.org.ar\/Tienda26\/wp-json\/wp\/v2\/media\/570"}],"wp:attachment":[{"href":"https:\/\/www.aaofm.org.ar\/Tienda26\/wp-json\/wp\/v2\/media?parent=569"}],"wp:term":[{"taxonomy":"product_cat","embeddable":true,"href":"https:\/\/www.aaofm.org.ar\/Tienda26\/wp-json\/wp\/v2\/product_cat?post=569"},{"taxonomy":"product_tag","embeddable":true,"href":"https:\/\/www.aaofm.org.ar\/Tienda26\/wp-json\/wp\/v2\/product_tag?post=569"}],"curies":[{"name":"wp","href":"https:\/\/api.w.org\/{rel}","templated":true}]}}